{"id":11,"date":"2023-09-05T19:01:01","date_gmt":"2023-09-05T19:01:01","guid":{"rendered":"http:\/\/analeticiabarros.com\/?page_id=11"},"modified":"2023-09-08T00:11:05","modified_gmt":"2023-09-08T00:11:05","slug":"quem-sou-eu","status":"publish","type":"page","link":"http:\/\/analeticiabarros.com\/","title":{"rendered":"Quem sou eu"},"content":{"rendered":"\n<p>Atualmente \u00e9 Professora de Percuss\u00e3o e M\u00fasica de C\u00e2mara da <a href=\"http:\/\/www.unirio.br\/cla\/ivl\/corpo-docente\/ana-leticia-barros\">UNIRIO<\/a> e Professora da P\u00f3s-Gradua\u00e7\u00e3o Profissional \u2013 <a href=\"http:\/\/www.unirio.br\/proemus\">PROEMUS<\/a>. Timpanista e chefe de naipe da Orquestra Sinf\u00f4nica de Mulheres do Brasil. Desenvolve um extenso estudo sobre a t\u00e9cnica de seis baquetas, com diversas obras brasileiras encomendadas e estreadas por ela.<\/p>\n\n\n\n<p>Como solista, j\u00e1 atuou nas seguintes orquestras: <em>Orquestra Latino Americana de Sopros<\/em> (OLV-Yamaha), <em>Orquestra de Sopros da Universidade da Georgia<\/em> (EUA),&nbsp;Orquesta Sinf\u00f3nica de C\u00f3rdoba (AR), Orquestra Brasileira de Sopros, <em>Orquestra Bachiana Brasileira<\/em>, <em>Orquestra Filarm\u00f4nica do Esp\u00edrito Santo<\/em>, Orquestra de Sopros da UFRJ, <em>Orquestra de Cordas de Volta Redonda, Banda Sinf\u00f4nica de Volta Redonda, entre outras.<\/em><\/p>\n\n\n\n<p>J\u00e1 ministrou aulas em diversas universidades nacionais e internacionais, tais como: University of Georgia, Eastman School of Music e New York University. Atuou como professora convidada do Encontro NeXt de M\u00fasica Contempor\u00e2nea (University of Georgia), V Curso de F\u00e9rias do Conservat\u00f3rio de Tatu\u00ed, do Painel de Bandas Funarte, do I Encontro Sul Fluminense de M\u00fasicos de Banda (Barra Mansa), e do Encuentro Latinoamericano de Orquestas de Sopros.<\/p>\n\n\n\n<p>Possui mais de 20 obras, entre solos e concertos, dedicadas a ela, incluindo &#8220;Encontros&#8221;, de Edmundo Villani-C\u00f4rtes, &#8220;Vibra\u00e7\u00f5es Variantes&#8221;, de Nikolai Brucher&#8221;, &#8220;Estudos Pict\u00f3ricos e &#8220;Rel\u00f3gios Antigos&#8221; de Marcos Lucas, &#8220;Mar do Norte&#8221;, &#8220;O Olhar da Santa&#8221;e &#8220;A Prima do Pedro&#8221;, de Sergio Roberto de Oliveira, entre muitas outras.<\/p>\n\n\n\n<p>Participou como professora do projeto &#8220;Yamaha Orquesta Latinoamericana de Vientos&#8221;, sendo respons\u00e1vel pela sele\u00e7\u00e3o anual do naipe de percuss\u00e3o do projeto. Foi professora da UFRJ e, como coordenadora do grupo de percuss\u00e3o, participou do V Encontro Latino Americano de Percuss\u00e3o.<\/p>\n\n\n\n<p>Foi ganhadora do Concurso Furnas Gera\u00e7\u00e3o Musical Rio de Janeiro, em 2006; finalista de Pr\u00eamio Armando Prazeres para Jovens Soistas e Concurso para Jovens Solistas da Orquestra Sinf\u00f4nica da Bahia, ambos no ano de 2005. Participou do Festival Internacional de Mor\u00e9lia, no M\u00e9xico, no ano de 2005, da turn\u00ea da Orquestra Sinf\u00f4nica Jovem do Mercosul por v\u00e1rios pa\u00edses da Am\u00e9rica Latina (2002) e da turn\u00ea aos Estados Unidos da Orquestra Sinf\u00f4nica Brasileira (2001). Como camerista participa de v\u00e1rios grupos, dentre eles o Duo Croma, com a pianista Marina Spoladore; e o trio Duo Santoro e Ana Let\u00edcia Barros. <\/p>\n\n\n\n<p>Ana Let\u00edcia Barros \u00e9 Doutora em M\u00fasica, Licenciada pela UNIRIO e Bacharel em Percuss\u00e3o pelo Conservat\u00f3rio Brasileiro de M\u00fasica. Atuou durante treze anos como 1\u00ba Timpanista da Banda Sinf\u00f4nica Civil da Cidade do Rio de Janeiro, Professora de Percuss\u00e3o da UFRJ nos anos de 2008 e 2009, como professora do Projeto do A\u00e7o ao Cl\u00e1ssico, em Volta Redonda, desde 2005, e como coordenadora de percuss\u00e3o das Bienais de M\u00fasica Brasileira Contempor\u00e2nea por duas edi\u00e7\u00f5es consecutivas, 2008 a 2012.<\/p>\n","protected":false},"excerpt":{"rendered":"<p>Atualmente \u00e9 Professora de Percuss\u00e3o e M\u00fasica de C\u00e2mara da UNIRIO e Professora da P\u00f3s-Gradua\u00e7\u00e3o Profissional \u2013 PROEMUS. Timpanista e chefe de naipe da Orquestra Sinf\u00f4nica de Mulheres do Brasil. Desenvolve um extenso estudo sobre a t\u00e9cnica de seis baquetas, com diversas obras brasileiras encomendadas e estreadas por ela. Como solista, j\u00e1 atuou nas seguintes &hellip; <\/p>\n<p class=\"link-more\"><a href=\"http:\/\/analeticiabarros.com\/\" class=\"more-link\">Continue lendo<span class=\"screen-reader-text\"> &#8220;Quem sou eu&#8221;<\/span><\/a><\/p>\n","protected":false},"author":1,"featured_media":0,"parent":0,"menu_order":0,"comment_status":"closed","ping_status":"closed","template":"","meta":{"footnotes":""},"class_list":["post-11","page","type-page","status-publish","hentry"],"_links":{"self":[{"href":"http:\/\/analeticiabarros.com\/index.php?rest_route=\/wp\/v2\/pages\/11","targetHints":{"allow":["GET"]}}],"collection":[{"href":"http:\/\/analeticiabarros.com\/index.php?rest_route=\/wp\/v2\/pages"}],"about":[{"href":"http:\/\/analeticiabarros.com\/index.php?rest_route=\/wp\/v2\/types\/page"}],"author":[{"embeddable":true,"href":"http:\/\/analeticiabarros.com\/index.php?rest_route=\/wp\/v2\/users\/1"}],"replies":[{"embeddable":true,"href":"http:\/\/analeticiabarros.com\/index.php?rest_route=%2Fwp%2Fv2%2Fcomments&post=11"}],"version-history":[{"count":7,"href":"http:\/\/analeticiabarros.com\/index.php?rest_route=\/wp\/v2\/pages\/11\/revisions"}],"predecessor-version":[{"id":48,"href":"http:\/\/analeticiabarros.com\/index.php?rest_route=\/wp\/v2\/pages\/11\/revisions\/48"}],"wp:attachment":[{"href":"http:\/\/analeticiabarros.com\/index.php?rest_route=%2Fwp%2Fv2%2Fmedia&parent=11"}],"curies":[{"name":"wp","href":"https:\/\/api.w.org\/{rel}","templated":true}]}}

<p>Atualmente é Professora de Percussão e Música de Câmara da <a href="http://www.unirio.br/cla/ivl/corpo-docente/ana-leticia-barros">UNIRIO</a> e Professora da Pós-Graduação Profissional – <a href="http://www.unirio.br/proemus">PROEMUS</a>. Timpanista e chefe de naipe da Orquestra Sinfônica de Mulheres do Brasil. Desenvolve um extenso estudo sobre a técnica de seis baquetas, com diversas obras brasileiras encomendadas e estreadas por ela.</p>



<p>Como solista, já atuou nas seguintes orquestras: <em>Orquestra Latino Americana de Sopros</em> (OLV-Yamaha), <em>Orquestra de Sopros da Universidade da Georgia</em> (EUA),&nbsp;Orquesta Sinfónica de Córdoba (AR), Orquestra Brasileira de Sopros, <em>Orquestra Bachiana Brasileira</em>, <em>Orquestra Filarmônica do Espírito Santo</em>, Orquestra de Sopros da UFRJ, <em>Orquestra de Cordas de Volta Redonda, Banda Sinfônica de Volta Redonda, entre outras.</em></p>



<p>Já ministrou aulas em diversas universidades nacionais e internacionais, tais como: University of Georgia, Eastman School of Music e New York University. Atuou como professora convidada do Encontro NeXt de Música Contemporânea (University of Georgia), V Curso de Férias do Conservatório de Tatuí, do Painel de Bandas Funarte, do I Encontro Sul Fluminense de Músicos de Banda (Barra Mansa), e do Encuentro Latinoamericano de Orquestas de Sopros.</p>



<p>Possui mais de 20 obras, entre solos e concertos, dedicadas a ela, incluindo &#8220;Encontros&#8221;, de Edmundo Villani-Côrtes, &#8220;Vibrações Variantes&#8221;, de Nikolai Brucher&#8221;, &#8220;Estudos Pictóricos e &#8220;Relógios Antigos&#8221; de Marcos Lucas, &#8220;Mar do Norte&#8221;, &#8220;O Olhar da Santa&#8221;e &#8220;A Prima do Pedro&#8221;, de Sergio Roberto de Oliveira, entre muitas outras.</p>



<p>Participou como professora do projeto &#8220;Yamaha Orquesta Latinoamericana de Vientos&#8221;, sendo responsável pela seleção anual do naipe de percussão do projeto. Foi professora da UFRJ e, como coordenadora do grupo de percussão, participou do V Encontro Latino Americano de Percussão.</p>



<p>Foi ganhadora do Concurso Furnas Geração Musical Rio de Janeiro, em 2006; finalista de Prêmio Armando Prazeres para Jovens Soistas e Concurso para Jovens Solistas da Orquestra Sinfônica da Bahia, ambos no ano de 2005. Participou do Festival Internacional de Morélia, no México, no ano de 2005, da turnê da Orquestra Sinfônica Jovem do Mercosul por vários países da América Latina (2002) e da turnê aos Estados Unidos da Orquestra Sinfônica Brasileira (2001). Como camerista participa de vários grupos, dentre eles o Duo Croma, com a pianista Marina Spoladore; e o trio Duo Santoro e Ana Letícia Barros. </p>



<p>Ana Letícia Barros é Doutora em Música, Licenciada pela UNIRIO e Bacharel em Percussão pelo Conservatório Brasileiro de Música. Atuou durante treze anos como 1º Timpanista da Banda Sinfônica Civil da Cidade do Rio de Janeiro, Professora de Percussão da UFRJ nos anos de 2008 e 2009, como professora do Projeto do Aço ao Clássico, em Volta Redonda, desde 2005, e como coordenadora de percussão das Bienais de Música Brasileira Contemporânea por duas edições consecutivas, 2008 a 2012.</p>

<p>Atualmente é Professora de Percussão e Música de Câmara da UNIRIO e Professora da Pós-Graduação Profissional – PROEMUS. Timpanista e chefe de naipe da Orquestra Sinfônica de Mulheres do Brasil. Desenvolve um extenso estudo sobre a técnica de seis baquetas, com diversas obras brasileiras encomendadas e estreadas por ela. Como solista, já atuou nas seguintes &hellip; </p>
<p class="link-more"><a href="http://analeticiabarros.com/" class="more-link">Continue lendo<span class="screen-reader-text"> &#8220;Quem sou eu&#8221;</span></a></p>
